{"id":11,"date":"2019-09-09T14:57:24","date_gmt":"2019-09-09T12:57:24","guid":{"rendered":"https:\/\/www.lafermedestroisgeais.fr\/?page_id=11"},"modified":"2024-08-02T17:27:14","modified_gmt":"2024-08-02T15:27:14","slug":"mentions-legales","status":"publish","type":"page","link":"https:\/\/www.lafermedestroisgeais.fr\/index.php\/mentions-legales\/","title":{"rendered":"Mentions l\u00e9gales"},"content":{"rendered":"<p>[et_pb_section fb_built=\u00a0\u00bb1&Prime; fullwidth=\u00a0\u00bbon\u00a0\u00bb _builder_version=\u00a0\u00bb4.16&Prime; collapsed=\u00a0\u00bbon\u00a0\u00bb global_colors_info=\u00a0\u00bb{}\u00a0\u00bb][et_pb_fullwidth_header title=\u00a0\u00bbLes mentions l\u00e9gales de la Ferme des Trois Geais\u00a0\u00bb subhead=\u00a0\u00bbParcequ&rsquo;il en faut !\u00a0\u00bb _builder_version=\u00a0\u00bb4.16&Prime; global_colors_info=\u00a0\u00bb{}\u00a0\u00bb][\/et_pb_fullwidth_header][\/et_pb_section][et_pb_section fb_built=\u00a0\u00bb1&Prime; _builder_version=\u00a0\u00bb4.16&Prime; collapsed=\u00a0\u00bboff\u00a0\u00bb global_colors_info=\u00a0\u00bb{}\u00a0\u00bb][et_pb_row column_structure=\u00a0\u00bb1_2,1_2&Prime; _builder_version=\u00a0\u00bb4.16&Prime; collapsed=\u00a0\u00bbon\u00a0\u00bb global_colors_info=\u00a0\u00bb{}\u00a0\u00bb][et_pb_column type=\u00a0\u00bb1_2&Prime; _builder_version=\u00a0\u00bb4.16&Prime; custom_padding=\u00a0\u00bb|||\u00a0\u00bb global_colors_info=\u00a0\u00bb{}\u00a0\u00bb custom_padding__hover=\u00a0\u00bb|||\u00a0\u00bb][et_pb_text _builder_version=\u00a0\u00bb4.16&Prime; global_colors_info=\u00a0\u00bb{}\u00a0\u00bb]<\/p>\n<p>Mentions l\u00e9gales :<br \/>EIA Franck LARDINOY<br \/>534059217<br \/>Si\u00e8ge social : Route d&rsquo;hersin 62530 SERVINS<br \/>T\u00e9l\u00e9phone : 06.08.15.99.14 \/ 03.21.55.34.20<\/p>\n<p>lafermedestroisgeais@orange.fr<\/p>\n<p>Repr\u00e9sentant l\u00e9gal : LARDINOY Franck<br \/>Site r\u00e9alis\u00e9 par Franck LARDINOY<\/p>\n<p>Centre serveur : OVH<br \/>SAS au capital de 10 000 000\u20ac<br \/>2 rue Kellermann &#8211; 59100 Roubaix &#8211; France.<br \/>T\u00e9l\u00e9phone : 0 820 698 765<\/p>\n<p>[\/et_pb_text][\/et_pb_column][et_pb_column type=\u00a0\u00bb1_2&Prime; _builder_version=\u00a0\u00bb4.16&Prime; custom_padding=\u00a0\u00bb|||\u00a0\u00bb global_colors_info=\u00a0\u00bb{}\u00a0\u00bb custom_padding__hover=\u00a0\u00bb|||\u00a0\u00bb][et_pb_image src=\u00a0\u00bbhttps:\/\/www.lafermedestroisgeais.fr\/wp-content\/uploads\/th.jpg\u00a0\u00bb align_tablet=\u00a0\u00bbcenter\u00a0\u00bb align_phone=\u00a0\u00bb\u00a0\u00bb align_last_edited=\u00a0\u00bbon|desktop\u00a0\u00bb _builder_version=\u00a0\u00bb4.16&Prime; global_colors_info=\u00a0\u00bb{}\u00a0\u00bb][\/et_pb_image][\/et_pb_column][\/et_pb_row][\/et_pb_section]<\/p>\n","protected":false},"excerpt":{"rendered":"<p>Mentions l\u00e9gales :EIA Franck LARDINOY534059217Si\u00e8ge social : Route d&rsquo;hersin 62530 SERVINST\u00e9l\u00e9phone : 06.08.15.99.14 \/ 03.21.55.34.20 lafermedestroisgeais@orange.fr Repr\u00e9sentant l\u00e9gal : LARDINOY FranckSite r\u00e9alis\u00e9 par Franck LARDINOY Centre serveur : OVHSAS au capital de 10 000 000\u20ac2 rue Kellermann &#8211; 59100 Roubaix &#8211; France.T\u00e9l\u00e9phone : 0 820 698 765<\/p>\n","protected":false},"author":1,"featured_media":0,"parent":0,"menu_order":0,"comment_status":"closed","ping_status":"closed","template":"","meta":{"_et_pb_use_builder":"on","_et_pb_old_content":"","_et_gb_content_width":"","_monsterinsights_skip_tracking":false,"_monsterinsights_sitenote_active":false,"_monsterinsights_sitenote_note":"","_monsterinsights_sitenote_category":0,"footnotes":""},"yoast_head":"<!-- This site is optimized with the Yoast SEO plugin v20.13 - https:\/\/yoast.com\/wordpress\/plugins\/seo\/ -->\n<title>Mentions l\u00e9gales - lafermedestroisgeais<\/title>\n<meta name=\"description\" content=\"Parce qu&#039;il en faut!\" \/>\n<meta name=\"robots\" content=\"index, follow, max-snippet:-1, max-image-preview:large, max-video-preview:-1\" \/>\n<link rel=\"canonical\" href=\"https:\/\/www.lafermedestroisgeais.fr\/index.php\/mentions-legales\/\" \/>\n<meta property=\"og:locale\" content=\"fr_FR\" \/>\n<meta property=\"og:type\" content=\"article\" \/>\n<meta property=\"og:title\" content=\"Mentions l\u00e9gales - lafermedestroisgeais\" \/>\n<meta property=\"og:description\" content=\"Parce qu&#039;il en faut!\" \/>\n<meta property=\"og:url\" content=\"https:\/\/www.lafermedestroisgeais.fr\/index.php\/mentions-legales\/\" \/>\n<meta property=\"og:site_name\" content=\"lafermedestroisgeais\" \/>\n<meta property=\"article:publisher\" content=\"https:\/\/www.facebook.com\/LaFermeDesTroisGeais\/\" \/>\n<meta property=\"article:modified_time\" content=\"2024-08-02T15:27:14+00:00\" \/>\n<meta name=\"twitter:card\" content=\"summary_large_image\" \/>\n<meta name=\"twitter:label1\" content=\"Dur\u00e9e de lecture estim\u00e9e\" \/>\n\t<meta name=\"twitter:data1\" content=\"1 minute\" \/>\n<script type=\"application\/ld+json\" class=\"yoast-schema-graph\">{\"@context\":\"https:\/\/schema.org\",\"@graph\":[{\"@type\":\"WebPage\",\"@id\":\"https:\/\/www.lafermedestroisgeais.fr\/index.php\/mentions-legales\/\",\"url\":\"https:\/\/www.lafermedestroisgeais.fr\/index.php\/mentions-legales\/\",\"name\":\"Mentions l\u00e9gales - lafermedestroisgeais\",\"isPartOf\":{\"@id\":\"https:\/\/www.lafermedestroisgeais.fr\/#website\"},\"datePublished\":\"2019-09-09T12:57:24+00:00\",\"dateModified\":\"2024-08-02T15:27:14+00:00\",\"description\":\"Parce qu'il en faut!\",\"breadcrumb\":{\"@id\":\"https:\/\/www.lafermedestroisgeais.fr\/index.php\/mentions-legales\/#breadcrumb\"},\"inLanguage\":\"fr-FR\",\"potentialAction\":[{\"@type\":\"ReadAction\",\"target\":[\"https:\/\/www.lafermedestroisgeais.fr\/index.php\/mentions-legales\/\"]}]},{\"@type\":\"BreadcrumbList\",\"@id\":\"https:\/\/www.lafermedestroisgeais.fr\/index.php\/mentions-legales\/#breadcrumb\",\"itemListElement\":[{\"@type\":\"ListItem\",\"position\":1,\"name\":\"Home\",\"item\":\"https:\/\/www.lafermedestroisgeais.fr\/\"},{\"@type\":\"ListItem\",\"position\":2,\"name\":\"Mentions l\u00e9gales\"}]},{\"@type\":\"WebSite\",\"@id\":\"https:\/\/www.lafermedestroisgeais.fr\/#website\",\"url\":\"https:\/\/www.lafermedestroisgeais.fr\/\",\"name\":\"lafermedestroisgeais\",\"description\":\"\",\"publisher\":{\"@id\":\"https:\/\/www.lafermedestroisgeais.fr\/#organization\"},\"potentialAction\":[{\"@type\":\"SearchAction\",\"target\":{\"@type\":\"EntryPoint\",\"urlTemplate\":\"https:\/\/www.lafermedestroisgeais.fr\/?s={search_term_string}\"},\"query-input\":\"required name=search_term_string\"}],\"inLanguage\":\"fr-FR\"},{\"@type\":\"Organization\",\"@id\":\"https:\/\/www.lafermedestroisgeais.fr\/#organization\",\"name\":\"La Ferme des Trois Geais\",\"url\":\"https:\/\/www.lafermedestroisgeais.fr\/\",\"logo\":{\"@type\":\"ImageObject\",\"inLanguage\":\"fr-FR\",\"@id\":\"https:\/\/www.lafermedestroisgeais.fr\/#\/schema\/logo\/image\/\",\"url\":\"https:\/\/www.lafermedestroisgeais.fr\/wp-content\/uploads\/logo-01.jpg\",\"contentUrl\":\"https:\/\/www.lafermedestroisgeais.fr\/wp-content\/uploads\/logo-01.jpg\",\"width\":1064,\"height\":618,\"caption\":\"La Ferme des Trois Geais\"},\"image\":{\"@id\":\"https:\/\/www.lafermedestroisgeais.fr\/#\/schema\/logo\/image\/\"},\"sameAs\":[\"https:\/\/www.facebook.com\/LaFermeDesTroisGeais\/\"]}]}<\/script>\n<!-- \/ Yoast SEO plugin. -->","yoast_head_json":{"title":"Mentions l\u00e9gales - lafermedestroisgeais","description":"Parce qu'il en faut!","robots":{"index":"index","follow":"follow","max-snippet":"max-snippet:-1","max-image-preview":"max-image-preview:large","max-video-preview":"max-video-preview:-1"},"canonical":"https:\/\/www.lafermedestroisgeais.fr\/index.php\/mentions-legales\/","og_locale":"fr_FR","og_type":"article","og_title":"Mentions l\u00e9gales - lafermedestroisgeais","og_description":"Parce qu'il en faut!","og_url":"https:\/\/www.lafermedestroisgeais.fr\/index.php\/mentions-legales\/","og_site_name":"lafermedestroisgeais","article_publisher":"https:\/\/www.facebook.com\/LaFermeDesTroisGeais\/","article_modified_time":"2024-08-02T15:27:14+00:00","twitter_card":"summary_large_image","twitter_misc":{"Dur\u00e9e de lecture estim\u00e9e":"1 minute"},"schema":{"@context":"https:\/\/schema.org","@graph":[{"@type":"WebPage","@id":"https:\/\/www.lafermedestroisgeais.fr\/index.php\/mentions-legales\/","url":"https:\/\/www.lafermedestroisgeais.fr\/index.php\/mentions-legales\/","name":"Mentions l\u00e9gales - lafermedestroisgeais","isPartOf":{"@id":"https:\/\/www.lafermedestroisgeais.fr\/#website"},"datePublished":"2019-09-09T12:57:24+00:00","dateModified":"2024-08-02T15:27:14+00:00","description":"Parce qu'il en faut!","breadcrumb":{"@id":"https:\/\/www.lafermedestroisgeais.fr\/index.php\/mentions-legales\/#breadcrumb"},"inLanguage":"fr-FR","potentialAction":[{"@type":"ReadAction","target":["https:\/\/www.lafermedestroisgeais.fr\/index.php\/mentions-legales\/"]}]},{"@type":"BreadcrumbList","@id":"https:\/\/www.lafermedestroisgeais.fr\/index.php\/mentions-legales\/#breadcrumb","itemListElement":[{"@type":"ListItem","position":1,"name":"Home","item":"https:\/\/www.lafermedestroisgeais.fr\/"},{"@type":"ListItem","position":2,"name":"Mentions l\u00e9gales"}]},{"@type":"WebSite","@id":"https:\/\/www.lafermedestroisgeais.fr\/#website","url":"https:\/\/www.lafermedestroisgeais.fr\/","name":"lafermedestroisgeais","description":"","publisher":{"@id":"https:\/\/www.lafermedestroisgeais.fr\/#organization"},"potentialAction":[{"@type":"SearchAction","target":{"@type":"EntryPoint","urlTemplate":"https:\/\/www.lafermedestroisgeais.fr\/?s={search_term_string}"},"query-input":"required name=search_term_string"}],"inLanguage":"fr-FR"},{"@type":"Organization","@id":"https:\/\/www.lafermedestroisgeais.fr\/#organization","name":"La Ferme des Trois Geais","url":"https:\/\/www.lafermedestroisgeais.fr\/","logo":{"@type":"ImageObject","inLanguage":"fr-FR","@id":"https:\/\/www.lafermedestroisgeais.fr\/#\/schema\/logo\/image\/","url":"https:\/\/www.lafermedestroisgeais.fr\/wp-content\/uploads\/logo-01.jpg","contentUrl":"https:\/\/www.lafermedestroisgeais.fr\/wp-content\/uploads\/logo-01.jpg","width":1064,"height":618,"caption":"La Ferme des Trois Geais"},"image":{"@id":"https:\/\/www.lafermedestroisgeais.fr\/#\/schema\/logo\/image\/"},"sameAs":["https:\/\/www.facebook.com\/LaFermeDesTroisGeais\/"]}]}},"_links":{"self":[{"href":"https:\/\/www.lafermedestroisgeais.fr\/index.php\/wp-json\/wp\/v2\/pages\/11"}],"collection":[{"href":"https:\/\/www.lafermedestroisgeais.fr\/index.php\/wp-json\/wp\/v2\/pages"}],"about":[{"href":"https:\/\/www.lafermedestroisgeais.fr\/index.php\/wp-json\/wp\/v2\/types\/page"}],"author":[{"embeddable":true,"href":"https:\/\/www.lafermedestroisgeais.fr\/index.php\/wp-json\/wp\/v2\/users\/1"}],"replies":[{"embeddable":true,"href":"https:\/\/www.lafermedestroisgeais.fr\/index.php\/wp-json\/wp\/v2\/comments?post=11"}],"version-history":[{"count":15,"href":"https:\/\/www.lafermedestroisgeais.fr\/index.php\/wp-json\/wp\/v2\/pages\/11\/revisions"}],"predecessor-version":[{"id":809,"href":"https:\/\/www.lafermedestroisgeais.fr\/index.php\/wp-json\/wp\/v2\/pages\/11\/revisions\/809"}],"wp:attachment":[{"href":"https:\/\/www.lafermedestroisgeais.fr\/index.php\/wp-json\/wp\/v2\/media?parent=11"}],"curies":[{"name":"wp","href":"https:\/\/api.w.org\/{rel}","templated":true}]}}